he remainder when 388 is divided by 37?
18
Calculate the remainder when 30 is divided by 7.
2
What is the remainder when 321 is divided by 12?
9
Calculate the remainder when 118 is divided by 62.
56
Calculate the remainder when 678 is divided by 36.
30
What is the remainder when 1376 is divided by 25?
1
What is the remainder when 13493 is divided by 39?
38
Calculate the remainder when 1199 is divided by 25.
24
What is the remainder when 1408 is divided by 240?
208
What is the remainder when 264 is divided by 54?
48
What is the remainder when 117 is divided by 26?
13
Calculate the remainder when 49 is divided by 29.
20
Calculate the remainder when 4665 is divided by 78.
63
Calculate the remainder when 2085 is divided by 62.
39
What is the remainder when 587 is divided by 157?
116
Calculate the remainder when 243 is divided by 72.
27
What is the remainder when 150 is divided by 75?
0
Calculate the remainder when 183 is divided by 59.
6
What is the remainder when 6736 is divided by 95?
86
What is the remainder when 534 is divided by 135?
129
What is the remainder when 6058 is divided by 25?
8
Calculate the remainder when 130 is divided by 33.
31
Calculate the remainder when 192 is divided by 28.
24
What is the remainder when 132 is divided by 7?
6
What is the remainder when 121 is divided by 63?
58
What is the remainder when 131 is divided by 31?
7
What is the remainder when 1108 is divided by 101?
98
Calculate the remainder when 5360 is divided by 149.
145
Calculate the remainder when 670 is divided by 36.
22
What is the remainder when 20 is divided by 16?
4
What is the remainder when 317 is divided by 112?
93
Calculate the remainder when 601 is divided by 14.
13
Calculate the remainder when 253 is divided by 78.
19
Calculate the remainder when 3013 is divided by 142.
31
What is the remainder when 1317 is divided by 20?
17
Calculate the remainder when 801 is divided by 201.
198
Calculate the remainder when 183 is divided by 51.
30
Calculate the remainder when 614 is divided by 22.
20
Calculate the remainder when 1265 is divided by 13.
4
Calculate the remainder when 608 is divided by 13.
10
Calculate the remainder when 24799 is divided by 17.
13
What is the remainder when 3004 is divided by 6?
4
What is the remainder when 190 is divided by 178?
12
Calculate the remainder when 20 is divided by 16.
4
What is the remainder when 548 is divided by 110?
108
Calculate the remainder when 2939 is divided by 977.
8
Calculate the remainder when 437 is divided by 144.
5
What is the remainder when 2562 is divided by 512?
2
What is the remainder when 336 is divided by 44?
28
Calculate the remainder when 2082 is divided by 79.
28
What is the remainder when 193 is divided by 14?
11
What is the remainder when 219 is divided by 74?
71
Calculate the remainder when 657 is divided by 60.
57
What is the remainder when 2554 is divided by 36?
34
What is the remainder when 98 is divided by 4?
2
Calculate the remainder when 934 is divided by 14.
10
Calculate the remainder when 336 is divided by 109.
9
What is the remainder when 200 is divided by 48?
8
Calculate the remainder when 163 is divided by 57.
49
Calculate the remainder when 328 is divided by 119.
90
Calculate the remainder when 257 is divided by 88.
81
What is the remainder when 771 is divided by 158?
139
What is the remainder when 446 is divided by 30?
26
What is the remainder when 418 is divided by 28?
26
What is the remainder when 160 is divided by 15?
10
What is the remainder when 162 is divided by 42?
36
What is the remainder when 498 is divided by 65?
43
Calculate the remainder when 562 is divided by 4.
2
Calculate the remainder when 687 is divided by 145.
107
What is the remainder when 1788 is divided by 104?
20
What is the remainder when 57 is divided by 27?
3
Calculate the remainder when 344 is divided by 204.
140
Calculate the remainder when 270 is divided by 41.
24
What is the remainder when 1555 is divided by 24?
19
Calculate the remainder when 52 is divided by 13.
0
What is the remainder when 117 is divided by 95?
22
Calculate the remainder when 7244 is divided by 98.
90
What is the remainder when 37783 is divided by 55?
53
What is the remainder when 4013 is divided by 268?
261
What is the remainder when 506 is divided by 211?
84
What is the remainder when 77 is divided by 32?
13
What is the remainder when 646 is divided by 11?
8
Calculate the remainder when 255 is divided by 37.
33
Calculate the remainder when 1896 is divided by 25.
21
Calculate the remainder when 786 is divided by 12.
6
What is the remainder when 64 is divided by 29?
6
What is the remainder when 1092 is divided by 223?
200
Calculate the remainder when 637 is divided by 140.
77
What is the remainder when 1430 is divided by 76?
62
Calculate the remainder when 1824 is divided by 83.
81
Calculate the remainder when 3069 is divided by 1022.
3
Calculate the remainder when 450 is divided by 370.
80
Calculate the remainder when 61 is divided by 16.
13
Calculate the remainder when 261 is divided by 42.
9
Calculate the remainder when 2314 is divided by 4.
2
Calculate the remainder when 431 is divided by 32.
15
What is the remainder when 583 is divided by 21?
16
Calculate the remainder when 549 is divided by 19.
17
What is the remainder when 7275 is divided by 34?
33
What is the remainder when 258 is divided by 90?
78
Calculate the remainder when 1162 is divided by 343.
133
What is the remainder when 1668 is divided by 142?
106
What is the remainder when 247 is divided by 26?
13
Calculate the remainder when 138 is divided by 59.
20
Calculate the remainder when 655 is divided by 94.
91
What is the remainder when 208 is divided by 10?
8
What is the remainder when 8651 is divided by 42?
41
What is the remainder when 1312 is divided by 1292?
20
Calculate the remainder when 4795 is divided by 39.
37
Calculate the remainder when 217 is divided by 208.
9
What is the remainder when 305 is divided by 29?
15
What is the remainder when 6661 is divided by 34?
31
Calculate the remainder when 224 is divided by 74.
2
What is the remainder when 203 is divided by 21?
14
What is the remainder when 78 is divided by 59?
19
What is the remainder when 160 is divided by 66?
28
Calculate the remainder when 418 is divided by 30.
28
What is the remainder when 82 is divided by 3?
1
What is the remainder when 329 is divided by 36?
5
Calculate the remainder when 709 is divided by 119.
114
Calculate the remainder when 32554 is divided by 85.
84
Calculate the remainder when 100 is divided by 19.
5
What is the remainder when 541 is divided by 63?
37
Calculate the remainder when 340 is divided by 86.
82
Calculate the remainder when 64 is divided by 51.
13
Calculate the remainder when 218 is divided by 78.
62
Calculate the remainder when 21 is divided by 13.
8
Calculate the remainder when 218 is divided by 70.
8
What is the remainder when 2938 is divided by 9?
4
Calculate the remainder when 302 is divided by 61.
58
What is the remainder when 63 is divided by 45?
18
Calculate the remainder when 219 is divided by 111.
108
What is the remainder when 195 is divided by 190?
5
What is the remainder when 902 is divided by 226?
224
What is the remainder when 192 is divided by 76?
40
What is the remainder when 219 is divided by 17?
15
Calculate the remainder when 118 is divided by 15.
13
Calculate the remainder when 854 is divided by 13.
9
What is the remainder when 2105 is divided by 18?
17
Calculate the remainder when 648 is divided by 13.
11
Calculate the remainder when 70 is divided by 61.
9
What is the remainder when 128 is divided by 39?
11
What is the remainder when 27932 is divided by 32?
28
What is the remainder when 7325 is divided by 16?
13
Calculate the remainder when 800 is divided by 67.
63
Calculate the remainder when 383 is divided by 77.
75
What is the remainder when 13281 is divided by 36?
33
What is the remainder when 1098 is divided by 29?
25
What is the remainder when 942 is divided by 15?
12
What is the remainder when 1674 is divided by 188?
170
What is the remainder when 6 is divided by 6?
0
Calculate the remainder when 830 is divided by 104.
102
Calculate the remainder when 914 is divided by 56.
18
Calculate the remainder when 1009 is divided by 200.
9
Wha